{"id":319,"date":"2023-05-30T13:39:43","date_gmt":"2023-05-30T11:39:43","guid":{"rendered":"http:\/\/duotrentemoult.org\/?page_id=319"},"modified":"2023-05-30T13:39:43","modified_gmt":"2023-05-30T11:39:43","slug":"philippe-chevrinais-josef-jozarki","status":"publish","type":"page","link":"https:\/\/duotrentemoult.org\/index.php\/philippe-chevrinais-josef-jozarki\/","title":{"rendered":"Philippe Chevrinais \u2022 Josef Jozarki"},"content":{"rendered":"\n<p><strong><em><strong><em><strong><em>STREET ART \/ DESSIN <\/em><\/strong><\/em><\/strong><\/em><\/strong><\/p>\n\n\n\n<p><strong><em>\u201cAdaptation\u201d<\/em><\/strong><\/p>\n\n\n\n<figure class=\"wp-block-gallery has-nested-images columns-default is-cropped wp-block-gallery-1 is-layout-flex wp-block-gallery-is-layout-flex\">\n<figure class=\"wp-block-image size-full\"><img loading=\"lazy\" decoding=\"async\" width=\"566\" height=\"480\" data-id=\"356\" src=\"http:\/\/duotrentemoult.org\/wp-content\/uploads\/2023\/05\/0-4.jpeg\" alt=\"\" class=\"wp-image-356\" srcset=\"https:\/\/duotrentemoult.org\/wp-content\/uploads\/2023\/05\/0-4.jpeg 566w, https:\/\/duotrentemoult.org\/wp-content\/uploads\/2023\/05\/0-4-300x254.jpeg 300w, https:\/\/duotrentemoult.org\/wp-content\/uploads\/2023\/05\/0-4-354x300.jpeg 354w\" sizes=\"auto, (max-width: 566px) 100vw, 566px\" \/><\/figure>\n<\/figure>\n\n\n\n<p>7, place Levoyer\/ <em><em>Exposition permanente<\/em><\/em><\/p>\n\n\n\n<p>Avec Josef, nous nous connaissons depuis longtemps. Nous avons en commun un certain go\u00fbt pour des aventures artistiques hors des cases d\u00e9finies, faites de rencontres, de bricolages vari\u00e9s, et de cr\u00e9ation avec ce qu\u2019il y a sur place.<\/p>\n\n\n\n<p>Cons\u00e9cutive \u00e0 un accident, une aventure nous a r\u00e9unis, celle de la r\u00e9-adaptation.<\/p>\n\n\n\n<p>Notre proposition pour DUO : le partage de nos deux pratiques picturales, pour l\u2019un, sur papier, contraint par une mobilit\u00e9 r\u00e9duite, pour l\u2019autre sur des murs, contraint par une mati\u00e8re r\u00e9duite.<\/p>\n\n\n\n<p>Notre int\u00e9r\u00eat commun pour l\u2019ergonomie et la cr\u00e9ation d\u2019outils, adapt\u00e9es \u00e0 un contexte, une situation, un projet&#8230;<\/p>\n","protected":false},"excerpt":{"rendered":"<p>STREET ART \/ DESSIN \u201cAdaptation\u201d 7, place Levoyer\/ Exposition permanente Avec Josef, nous nous connaissons depuis longtemps. Nous avons en commun un certain go\u00fbt pour des aventures artistiques hors des cases d\u00e9finies, faites de rencontres, de bricolages vari\u00e9s, et de &hellip; <a href=\"https:\/\/duotrentemoult.org\/index.php\/philippe-chevrinais-josef-jozarki\/\">Continuer la lecture <span class=\"meta-nav\">&rarr;<\/span><\/a><\/p>\n","protected":false},"author":1,"featured_media":0,"parent":0,"menu_order":0,"comment_status":"closed","ping_status":"closed","template":"","meta":{"footnotes":""},"class_list":["post-319","page","type-page","status-publish","hentry"],"yoast_head":"<!-- This site is optimized with the Yoast SEO plugin v19.8 - https:\/\/yoast.com\/wordpress\/plugins\/seo\/ -->\n<title>Philippe Chevrinais \u2022 Josef Jozarki - DUO Trentemoult<\/title>\n<meta name=\"robots\" content=\"index, follow, max-snippet:-1, max-image-preview:large, max-video-preview:-1\" \/>\n<link rel=\"canonical\" href=\"https:\/\/duotrentemoult.org\/index.php\/philippe-chevrinais-josef-jozarki\/\" \/>\n<meta property=\"og:locale\" content=\"fr_FR\" \/>\n<meta property=\"og:type\" content=\"article\" \/>\n<meta property=\"og:title\" content=\"Philippe Chevrinais \u2022 Josef Jozarki - DUO Trentemoult\" \/>\n<meta property=\"og:description\" content=\"STREET ART \/ DESSIN \u201cAdaptation\u201d 7, place Levoyer\/ Exposition permanente Avec Josef, nous nous connaissons depuis longtemps. Nous avons en commun un certain go\u00fbt pour des aventures artistiques hors des cases d\u00e9finies, faites de rencontres, de bricolages vari\u00e9s, et de &hellip; Continuer la lecture &rarr;\" \/>\n<meta property=\"og:url\" content=\"https:\/\/duotrentemoult.org\/index.php\/philippe-chevrinais-josef-jozarki\/\" \/>\n<meta property=\"og:site_name\" content=\"DUO Trentemoult\" \/>\n<meta property=\"article:publisher\" content=\"https:\/\/www.facebook.com\/DUO-trentemoult-112757837991644\/\" \/>\n<meta property=\"og:image\" content=\"http:\/\/duotrentemoult.org\/wp-content\/uploads\/2023\/05\/0-4.jpeg\" \/>\n<meta name=\"twitter:card\" content=\"summary_large_image\" \/>\n<meta name=\"twitter:label1\" content=\"Dur\u00e9e de lecture estim\u00e9e\" \/>\n\t<meta name=\"twitter:data1\" content=\"1 minute\" \/>\n<script type=\"application\/ld+json\" class=\"yoast-schema-graph\">{\"@context\":\"https:\/\/schema.org\",\"@graph\":[{\"@type\":\"WebPage\",\"@id\":\"https:\/\/duotrentemoult.org\/index.php\/philippe-chevrinais-josef-jozarki\/\",\"url\":\"https:\/\/duotrentemoult.org\/index.php\/philippe-chevrinais-josef-jozarki\/\",\"name\":\"Philippe Chevrinais \u2022 Josef Jozarki - DUO Trentemoult\",\"isPartOf\":{\"@id\":\"https:\/\/duotrentemoult.org\/#website\"},\"datePublished\":\"2023-05-30T11:39:43+00:00\",\"dateModified\":\"2023-05-30T11:39:43+00:00\",\"breadcrumb\":{\"@id\":\"https:\/\/duotrentemoult.org\/index.php\/philippe-chevrinais-josef-jozarki\/#breadcrumb\"},\"inLanguage\":\"fr-FR\",\"potentialAction\":[{\"@type\":\"ReadAction\",\"target\":[\"https:\/\/duotrentemoult.org\/index.php\/philippe-chevrinais-josef-jozarki\/\"]}]},{\"@type\":\"BreadcrumbList\",\"@id\":\"https:\/\/duotrentemoult.org\/index.php\/philippe-chevrinais-josef-jozarki\/#breadcrumb\",\"itemListElement\":[{\"@type\":\"ListItem\",\"position\":1,\"name\":\"Accueil\",\"item\":\"https:\/\/duotrentemoult.org\/\"},{\"@type\":\"ListItem\",\"position\":2,\"name\":\"Philippe Chevrinais \u2022 Josef Jozarki\"}]},{\"@type\":\"WebSite\",\"@id\":\"https:\/\/duotrentemoult.org\/#website\",\"url\":\"https:\/\/duotrentemoult.org\/\",\"name\":\"DUO Trentemoult\",\"description\":\"Balade artistique \u00e0 Trentemoult\",\"publisher\":{\"@id\":\"https:\/\/duotrentemoult.org\/#organization\"},\"potentialAction\":[{\"@type\":\"SearchAction\",\"target\":{\"@type\":\"EntryPoint\",\"urlTemplate\":\"https:\/\/duotrentemoult.org\/?s={search_term_string}\"},\"query-input\":\"required name=search_term_string\"}],\"inLanguage\":\"fr-FR\"},{\"@type\":\"Organization\",\"@id\":\"https:\/\/duotrentemoult.org\/#organization\",\"name\":\"Duo\",\"url\":\"https:\/\/duotrentemoult.org\/\",\"sameAs\":[\"https:\/\/www.facebook.com\/DUO-trentemoult-112757837991644\/\"],\"logo\":{\"@type\":\"ImageObject\",\"inLanguage\":\"fr-FR\",\"@id\":\"https:\/\/duotrentemoult.org\/#\/schema\/logo\/image\/\",\"url\":\"http:\/\/duotrentemoult.org\/wp-content\/uploads\/2022\/06\/LOGO.jpg\",\"contentUrl\":\"http:\/\/duotrentemoult.org\/wp-content\/uploads\/2022\/06\/LOGO.jpg\",\"width\":284,\"height\":285,\"caption\":\"Duo\"},\"image\":{\"@id\":\"https:\/\/duotrentemoult.org\/#\/schema\/logo\/image\/\"}}]}<\/script>\n<!-- \/ Yoast SEO plugin. -->","yoast_head_json":{"title":"Philippe Chevrinais \u2022 Josef Jozarki - DUO Trentemoult","robots":{"index":"index","follow":"follow","max-snippet":"max-snippet:-1","max-image-preview":"max-image-preview:large","max-video-preview":"max-video-preview:-1"},"canonical":"https:\/\/duotrentemoult.org\/index.php\/philippe-chevrinais-josef-jozarki\/","og_locale":"fr_FR","og_type":"article","og_title":"Philippe Chevrinais \u2022 Josef Jozarki - DUO Trentemoult","og_description":"STREET ART \/ DESSIN \u201cAdaptation\u201d 7, place Levoyer\/ Exposition permanente Avec Josef, nous nous connaissons depuis longtemps. Nous avons en commun un certain go\u00fbt pour des aventures artistiques hors des cases d\u00e9finies, faites de rencontres, de bricolages vari\u00e9s, et de &hellip; Continuer la lecture &rarr;","og_url":"https:\/\/duotrentemoult.org\/index.php\/philippe-chevrinais-josef-jozarki\/","og_site_name":"DUO Trentemoult","article_publisher":"https:\/\/www.facebook.com\/DUO-trentemoult-112757837991644\/","og_image":[{"url":"http:\/\/duotrentemoult.org\/wp-content\/uploads\/2023\/05\/0-4.jpeg"}],"twitter_card":"summary_large_image","twitter_misc":{"Dur\u00e9e de lecture estim\u00e9e":"1 minute"},"schema":{"@context":"https:\/\/schema.org","@graph":[{"@type":"WebPage","@id":"https:\/\/duotrentemoult.org\/index.php\/philippe-chevrinais-josef-jozarki\/","url":"https:\/\/duotrentemoult.org\/index.php\/philippe-chevrinais-josef-jozarki\/","name":"Philippe Chevrinais \u2022 Josef Jozarki - DUO Trentemoult","isPartOf":{"@id":"https:\/\/duotrentemoult.org\/#website"},"datePublished":"2023-05-30T11:39:43+00:00","dateModified":"2023-05-30T11:39:43+00:00","breadcrumb":{"@id":"https:\/\/duotrentemoult.org\/index.php\/philippe-chevrinais-josef-jozarki\/#breadcrumb"},"inLanguage":"fr-FR","potentialAction":[{"@type":"ReadAction","target":["https:\/\/duotrentemoult.org\/index.php\/philippe-chevrinais-josef-jozarki\/"]}]},{"@type":"BreadcrumbList","@id":"https:\/\/duotrentemoult.org\/index.php\/philippe-chevrinais-josef-jozarki\/#breadcrumb","itemListElement":[{"@type":"ListItem","position":1,"name":"Accueil","item":"https:\/\/duotrentemoult.org\/"},{"@type":"ListItem","position":2,"name":"Philippe Chevrinais \u2022 Josef Jozarki"}]},{"@type":"WebSite","@id":"https:\/\/duotrentemoult.org\/#website","url":"https:\/\/duotrentemoult.org\/","name":"DUO Trentemoult","description":"Balade artistique \u00e0 Trentemoult","publisher":{"@id":"https:\/\/duotrentemoult.org\/#organization"},"potentialAction":[{"@type":"SearchAction","target":{"@type":"EntryPoint","urlTemplate":"https:\/\/duotrentemoult.org\/?s={search_term_string}"},"query-input":"required name=search_term_string"}],"inLanguage":"fr-FR"},{"@type":"Organization","@id":"https:\/\/duotrentemoult.org\/#organization","name":"Duo","url":"https:\/\/duotrentemoult.org\/","sameAs":["https:\/\/www.facebook.com\/DUO-trentemoult-112757837991644\/"],"logo":{"@type":"ImageObject","inLanguage":"fr-FR","@id":"https:\/\/duotrentemoult.org\/#\/schema\/logo\/image\/","url":"http:\/\/duotrentemoult.org\/wp-content\/uploads\/2022\/06\/LOGO.jpg","contentUrl":"http:\/\/duotrentemoult.org\/wp-content\/uploads\/2022\/06\/LOGO.jpg","width":284,"height":285,"caption":"Duo"},"image":{"@id":"https:\/\/duotrentemoult.org\/#\/schema\/logo\/image\/"}}]}},"_links":{"self":[{"href":"https:\/\/duotrentemoult.org\/index.php\/wp-json\/wp\/v2\/pages\/319","targetHints":{"allow":["GET"]}}],"collection":[{"href":"https:\/\/duotrentemoult.org\/index.php\/wp-json\/wp\/v2\/pages"}],"about":[{"href":"https:\/\/duotrentemoult.org\/index.php\/wp-json\/wp\/v2\/types\/page"}],"author":[{"embeddable":true,"href":"https:\/\/duotrentemoult.org\/index.php\/wp-json\/wp\/v2\/users\/1"}],"replies":[{"embeddable":true,"href":"https:\/\/duotrentemoult.org\/index.php\/wp-json\/wp\/v2\/comments?post=319"}],"version-history":[{"count":2,"href":"https:\/\/duotrentemoult.org\/index.php\/wp-json\/wp\/v2\/pages\/319\/revisions"}],"predecessor-version":[{"id":357,"href":"https:\/\/duotrentemoult.org\/index.php\/wp-json\/wp\/v2\/pages\/319\/revisions\/357"}],"wp:attachment":[{"href":"https:\/\/duotrentemoult.org\/index.php\/wp-json\/wp\/v2\/media?parent=319"}],"curies":[{"name":"wp","href":"https:\/\/api.w.org\/{rel}","templated":true}]}}