{"id":709,"date":"2023-06-15T08:51:00","date_gmt":"2023-06-15T06:51:00","guid":{"rendered":"https:\/\/duotrentemoult.org\/?page_id=709"},"modified":"2023-06-15T08:51:00","modified_gmt":"2023-06-15T06:51:00","slug":"manifeste-duo","status":"publish","type":"page","link":"https:\/\/duotrentemoult.org\/index.php\/manifeste-duo\/","title":{"rendered":"Manifeste Duo"},"content":{"rendered":"\n<p>Manifeste du<br>Pr\u00e9cisions lexicales liminaires :<br>Duo, se prononce du-o, terme dissyllabique pour mieux marquer la dualit\u00e9 d&rsquo;une forme d&rsquo;expression partag\u00e9e \u00e0 plusieurs voix. Et un, et deux\u2026<br>Ne soyons pas dupes de la proximit\u00e9 de duo avec duel ou doublon.<br>Il sera question dans ce manifeste de deux consciences artistiques \u00e9troitement li\u00e9es entre elles sous des formes tr\u00e8s diverses.<\/p>\n\n\n\n<hr class=\"wp-block-separator has-alpha-channel-opacity\"\/>\n\n\n\n<p>La reconduction, deux ann\u00e9es de suite, d&rsquo;un festival du Duo vaut pleine et consciente affirmation et de mani\u00e8re forte de la n\u00e9cessit\u00e9 pour un artiste du passage salutaire \u00e0 la dualit\u00e9 &#8211; \u00e0 un moment ou un autre de sa d\u00e9marche &#8211; ponctuellement ou dans la dur\u00e9e, selon les cas.<br>Confront\u00e9 au duo, l&rsquo;artiste \u00e9chappe de cette fa\u00e7on radicale aux exc\u00e8s de l&rsquo;\u00e9gotisme, au risque de l&rsquo;aveuglement d&rsquo;un travail trop exclusivement centr\u00e9 sur soi. Certes la solitude de l&rsquo;entreprise cr\u00e9atrice concentre l&rsquo;\u00e9nergie sur des projets singuliers \u2013 condition sine qua non de la cr\u00e9ation &#8211; mais fait \u00e9galement courir le risque d&rsquo;enfermer, d&#8217;emprisonner, de st\u00e9riliser.<br>La nature du fonctionnement en duo, quel que soit le champ de la cr\u00e9ation, est d&rsquo;ailleurs tr\u00e8s diverse : compagnons de cr\u00e9ation pour les uns, couples pour les autres, amis d&rsquo;enfance pour certains, ou encore rencontre tardive mais stimulante\u2026<br>Afin d&rsquo;\u00eatre confort\u00e9 dans ce sentiment que l&rsquo;alt\u00e9rit\u00e9 duelle f\u00e9conde la cr\u00e9ation, consid\u00e9rons pour commencer que les exemples illustres de duos ne manquent pas : citons l&rsquo;\u00e9mouvant dialogue f\u00e9cond entre Montaigne et \u00c9tienne de La Bo\u00e9tie, \u00e9voquons Barbey d&rsquo;Aurevilly et Tr\u00e9butien, Flaubert et Maxime Du Camp, Victor Hugo et Juliette Drouet, Th\u00e9o et Vincent Van Gogh, les fr\u00e8res Goncourt, Beno\u00eete et Flora Groult, Pierre Soulages et Christian Bobin, Agn\u00e8s Varda et Jacques Demy\u2026 la liste est presque infinie et variable \u00e0 souhait selon la nature du duo.<br>Mais que peut bien apporter le duo au juste ?<br>Une simple mais authentique conversation, un \u00e9change. Du nouveau, de l&rsquo;\u00e9tonnement.<br>Un basculement parfois.<br>Une autre image de l&rsquo;autre.<br>Du questionnement aux deux rives de la cr\u00e9ation : questionnement des artistes sur leur art personnel et celui du partenaire, questionnement \u00e9galement dans la r\u00e9ception sur le changement op\u00e9r\u00e9 au c\u0153ur d&rsquo;un travail men\u00e9 en commun.<br>De la nouveaut\u00e9 au c\u0153ur de deux \u0153uvres men\u00e9es avec constance.<br>Du sang neuf.<br>Une incitation \u00e0 prendre confiance.<br>Un autre regard chez le spectateur ou lecteur t\u00e9moin de cette dualit\u00e9 cr\u00e9atrice. Une \u00e9coute diff\u00e9rente, un regard m\u00e9tamorphos\u00e9.<br>Des sujets nouveaux.<br>Une explication mutuelle, une \u00e9lucidation des partis pris de chacun.<br>Un soutien r\u00e9ciproque.<br>Des aper\u00e7us nouveaux.<br>Une forme de libert\u00e9 guid\u00e9e.<br>Chaque fois, un autre relief donn\u00e9 \u00e0 la cr\u00e9ation s&rsquo;offrant comme mati\u00e8re mall\u00e9able.<\/p>\n\n\n\n<p>St\u00e9phane <\/p>\n","protected":false},"excerpt":{"rendered":"<p>Manifeste duPr\u00e9cisions lexicales liminaires :Duo, se prononce du-o, terme dissyllabique pour mieux marquer la dualit\u00e9 d&rsquo;une forme d&rsquo;expression partag\u00e9e \u00e0 plusieurs voix. Et un, et deux\u2026Ne soyons pas dupes de la proximit\u00e9 de duo avec duel ou doublon.Il sera question &hellip; <a href=\"https:\/\/duotrentemoult.org\/index.php\/manifeste-duo\/\">Continuer la lecture <span class=\"meta-nav\">&rarr;<\/span><\/a><\/p>\n","protected":false},"author":1,"featured_media":0,"parent":0,"menu_order":0,"comment_status":"closed","ping_status":"closed","template":"","meta":{"footnotes":""},"class_list":["post-709","page","type-page","status-publish","hentry"],"yoast_head":"<!-- This site is optimized with the Yoast SEO plugin v19.8 - https:\/\/yoast.com\/wordpress\/plugins\/seo\/ -->\n<title>Manifeste Duo - DUO Trentemoult<\/title>\n<meta name=\"robots\" content=\"index, follow, max-snippet:-1, max-image-preview:large, max-video-preview:-1\" \/>\n<link rel=\"canonical\" href=\"https:\/\/duotrentemoult.org\/index.php\/manifeste-duo\/\" \/>\n<meta property=\"og:locale\" content=\"fr_FR\" \/>\n<meta property=\"og:type\" content=\"article\" \/>\n<meta property=\"og:title\" content=\"Manifeste Duo - DUO Trentemoult\" \/>\n<meta property=\"og:description\" content=\"Manifeste duPr\u00e9cisions lexicales liminaires :Duo, se prononce du-o, terme dissyllabique pour mieux marquer la dualit\u00e9 d&rsquo;une forme d&rsquo;expression partag\u00e9e \u00e0 plusieurs voix. Et un, et deux\u2026Ne soyons pas dupes de la proximit\u00e9 de duo avec duel ou doublon.Il sera question &hellip; Continuer la lecture &rarr;\" \/>\n<meta property=\"og:url\" content=\"https:\/\/duotrentemoult.org\/index.php\/manifeste-duo\/\" \/>\n<meta property=\"og:site_name\" content=\"DUO Trentemoult\" \/>\n<meta property=\"article:publisher\" content=\"https:\/\/www.facebook.com\/DUO-trentemoult-112757837991644\/\" \/>\n<meta name=\"twitter:card\" content=\"summary_large_image\" \/>\n<meta name=\"twitter:label1\" content=\"Dur\u00e9e de lecture estim\u00e9e\" \/>\n\t<meta name=\"twitter:data1\" content=\"2 minutes\" \/>\n<script type=\"application\/ld+json\" class=\"yoast-schema-graph\">{\"@context\":\"https:\/\/schema.org\",\"@graph\":[{\"@type\":\"WebPage\",\"@id\":\"https:\/\/duotrentemoult.org\/index.php\/manifeste-duo\/\",\"url\":\"https:\/\/duotrentemoult.org\/index.php\/manifeste-duo\/\",\"name\":\"Manifeste Duo - DUO Trentemoult\",\"isPartOf\":{\"@id\":\"https:\/\/duotrentemoult.org\/#website\"},\"datePublished\":\"2023-06-15T06:51:00+00:00\",\"dateModified\":\"2023-06-15T06:51:00+00:00\",\"breadcrumb\":{\"@id\":\"https:\/\/duotrentemoult.org\/index.php\/manifeste-duo\/#breadcrumb\"},\"inLanguage\":\"fr-FR\",\"potentialAction\":[{\"@type\":\"ReadAction\",\"target\":[\"https:\/\/duotrentemoult.org\/index.php\/manifeste-duo\/\"]}]},{\"@type\":\"BreadcrumbList\",\"@id\":\"https:\/\/duotrentemoult.org\/index.php\/manifeste-duo\/#breadcrumb\",\"itemListElement\":[{\"@type\":\"ListItem\",\"position\":1,\"name\":\"Accueil\",\"item\":\"https:\/\/duotrentemoult.org\/\"},{\"@type\":\"ListItem\",\"position\":2,\"name\":\"Manifeste Duo\"}]},{\"@type\":\"WebSite\",\"@id\":\"https:\/\/duotrentemoult.org\/#website\",\"url\":\"https:\/\/duotrentemoult.org\/\",\"name\":\"DUO Trentemoult\",\"description\":\"Balade artistique \u00e0 Trentemoult\",\"publisher\":{\"@id\":\"https:\/\/duotrentemoult.org\/#organization\"},\"potentialAction\":[{\"@type\":\"SearchAction\",\"target\":{\"@type\":\"EntryPoint\",\"urlTemplate\":\"https:\/\/duotrentemoult.org\/?s={search_term_string}\"},\"query-input\":\"required name=search_term_string\"}],\"inLanguage\":\"fr-FR\"},{\"@type\":\"Organization\",\"@id\":\"https:\/\/duotrentemoult.org\/#organization\",\"name\":\"Duo\",\"url\":\"https:\/\/duotrentemoult.org\/\",\"sameAs\":[\"https:\/\/www.facebook.com\/DUO-trentemoult-112757837991644\/\"],\"logo\":{\"@type\":\"ImageObject\",\"inLanguage\":\"fr-FR\",\"@id\":\"https:\/\/duotrentemoult.org\/#\/schema\/logo\/image\/\",\"url\":\"http:\/\/duotrentemoult.org\/wp-content\/uploads\/2022\/06\/LOGO.jpg\",\"contentUrl\":\"http:\/\/duotrentemoult.org\/wp-content\/uploads\/2022\/06\/LOGO.jpg\",\"width\":284,\"height\":285,\"caption\":\"Duo\"},\"image\":{\"@id\":\"https:\/\/duotrentemoult.org\/#\/schema\/logo\/image\/\"}}]}<\/script>\n<!-- \/ Yoast SEO plugin. -->","yoast_head_json":{"title":"Manifeste Duo - DUO Trentemoult","robots":{"index":"index","follow":"follow","max-snippet":"max-snippet:-1","max-image-preview":"max-image-preview:large","max-video-preview":"max-video-preview:-1"},"canonical":"https:\/\/duotrentemoult.org\/index.php\/manifeste-duo\/","og_locale":"fr_FR","og_type":"article","og_title":"Manifeste Duo - DUO Trentemoult","og_description":"Manifeste duPr\u00e9cisions lexicales liminaires :Duo, se prononce du-o, terme dissyllabique pour mieux marquer la dualit\u00e9 d&rsquo;une forme d&rsquo;expression partag\u00e9e \u00e0 plusieurs voix. Et un, et deux\u2026Ne soyons pas dupes de la proximit\u00e9 de duo avec duel ou doublon.Il sera question &hellip; Continuer la lecture &rarr;","og_url":"https:\/\/duotrentemoult.org\/index.php\/manifeste-duo\/","og_site_name":"DUO Trentemoult","article_publisher":"https:\/\/www.facebook.com\/DUO-trentemoult-112757837991644\/","twitter_card":"summary_large_image","twitter_misc":{"Dur\u00e9e de lecture estim\u00e9e":"2 minutes"},"schema":{"@context":"https:\/\/schema.org","@graph":[{"@type":"WebPage","@id":"https:\/\/duotrentemoult.org\/index.php\/manifeste-duo\/","url":"https:\/\/duotrentemoult.org\/index.php\/manifeste-duo\/","name":"Manifeste Duo - DUO Trentemoult","isPartOf":{"@id":"https:\/\/duotrentemoult.org\/#website"},"datePublished":"2023-06-15T06:51:00+00:00","dateModified":"2023-06-15T06:51:00+00:00","breadcrumb":{"@id":"https:\/\/duotrentemoult.org\/index.php\/manifeste-duo\/#breadcrumb"},"inLanguage":"fr-FR","potentialAction":[{"@type":"ReadAction","target":["https:\/\/duotrentemoult.org\/index.php\/manifeste-duo\/"]}]},{"@type":"BreadcrumbList","@id":"https:\/\/duotrentemoult.org\/index.php\/manifeste-duo\/#breadcrumb","itemListElement":[{"@type":"ListItem","position":1,"name":"Accueil","item":"https:\/\/duotrentemoult.org\/"},{"@type":"ListItem","position":2,"name":"Manifeste Duo"}]},{"@type":"WebSite","@id":"https:\/\/duotrentemoult.org\/#website","url":"https:\/\/duotrentemoult.org\/","name":"DUO Trentemoult","description":"Balade artistique \u00e0 Trentemoult","publisher":{"@id":"https:\/\/duotrentemoult.org\/#organization"},"potentialAction":[{"@type":"SearchAction","target":{"@type":"EntryPoint","urlTemplate":"https:\/\/duotrentemoult.org\/?s={search_term_string}"},"query-input":"required name=search_term_string"}],"inLanguage":"fr-FR"},{"@type":"Organization","@id":"https:\/\/duotrentemoult.org\/#organization","name":"Duo","url":"https:\/\/duotrentemoult.org\/","sameAs":["https:\/\/www.facebook.com\/DUO-trentemoult-112757837991644\/"],"logo":{"@type":"ImageObject","inLanguage":"fr-FR","@id":"https:\/\/duotrentemoult.org\/#\/schema\/logo\/image\/","url":"http:\/\/duotrentemoult.org\/wp-content\/uploads\/2022\/06\/LOGO.jpg","contentUrl":"http:\/\/duotrentemoult.org\/wp-content\/uploads\/2022\/06\/LOGO.jpg","width":284,"height":285,"caption":"Duo"},"image":{"@id":"https:\/\/duotrentemoult.org\/#\/schema\/logo\/image\/"}}]}},"_links":{"self":[{"href":"https:\/\/duotrentemoult.org\/index.php\/wp-json\/wp\/v2\/pages\/709","targetHints":{"allow":["GET"]}}],"collection":[{"href":"https:\/\/duotrentemoult.org\/index.php\/wp-json\/wp\/v2\/pages"}],"about":[{"href":"https:\/\/duotrentemoult.org\/index.php\/wp-json\/wp\/v2\/types\/page"}],"author":[{"embeddable":true,"href":"https:\/\/duotrentemoult.org\/index.php\/wp-json\/wp\/v2\/users\/1"}],"replies":[{"embeddable":true,"href":"https:\/\/duotrentemoult.org\/index.php\/wp-json\/wp\/v2\/comments?post=709"}],"version-history":[{"count":2,"href":"https:\/\/duotrentemoult.org\/index.php\/wp-json\/wp\/v2\/pages\/709\/revisions"}],"predecessor-version":[{"id":712,"href":"https:\/\/duotrentemoult.org\/index.php\/wp-json\/wp\/v2\/pages\/709\/revisions\/712"}],"wp:attachment":[{"href":"https:\/\/duotrentemoult.org\/index.php\/wp-json\/wp\/v2\/media?parent=709"}],"curies":[{"name":"wp","href":"https:\/\/api.w.org\/{rel}","templated":true}]}}