{"id":943,"date":"2025-05-27T16:35:17","date_gmt":"2025-05-27T14:35:17","guid":{"rendered":"https:\/\/duotrentemoult.org\/?page_id=943"},"modified":"2025-06-22T19:10:38","modified_gmt":"2025-06-22T17:10:38","slug":"avec-ou-sans-ailes","status":"publish","type":"page","link":"https:\/\/duotrentemoult.org\/index.php\/avec-ou-sans-ailes\/","title":{"rendered":"AVEC OU SANS AILES"},"content":{"rendered":"\n\t\t<style type=\"text\/css\">\n\t\t\t#gallery-1 {\n\t\t\t\tmargin: auto;\n\t\t\t}\n\t\t\t#gallery-1 .gallery-item {\n\t\t\t\tfloat: left;\n\t\t\t\tmargin-top: 10px;\n\t\t\t\ttext-align: center;\n\t\t\t\twidth: 33%;\n\t\t\t}\n\t\t\t#gallery-1 img {\n\t\t\t\tborder: 2px solid #cfcfcf;\n\t\t\t}\n\t\t\t#gallery-1 .gallery-caption {\n\t\t\t\tmargin-left: 0;\n\t\t\t}\n\t\t\t\/* see gallery_shortcode() in wp-includes\/media.php *\/\n\t\t<\/style>\n\t\t<div id='gallery-1' class='gallery galleryid-943 gallery-columns-3 gallery-size-full'><dl class='gallery-item'>\n\t\t\t<dt class='gallery-icon landscape'>\n\t\t\t\t<a href='https:\/\/duotrentemoult.org\/3c66eba4-4a4c-4a59-8fa6-af88e5cab88f\/'><img loading=\"lazy\" decoding=\"async\" width=\"2048\" height=\"1536\" src=\"https:\/\/duotrentemoult.org\/wp-content\/uploads\/2025\/06\/3C66EBA4-4A4C-4A59-8FA6-AF88E5CAB88F.jpg\" class=\"attachment-full size-full\" alt=\"\" srcset=\"https:\/\/duotrentemoult.org\/wp-content\/uploads\/2025\/06\/3C66EBA4-4A4C-4A59-8FA6-AF88E5CAB88F.jpg 2048w, https:\/\/duotrentemoult.org\/wp-content\/uploads\/2025\/06\/3C66EBA4-4A4C-4A59-8FA6-AF88E5CAB88F-300x225.jpg 300w, https:\/\/duotrentemoult.org\/wp-content\/uploads\/2025\/06\/3C66EBA4-4A4C-4A59-8FA6-AF88E5CAB88F-1024x768.jpg 1024w, https:\/\/duotrentemoult.org\/wp-content\/uploads\/2025\/06\/3C66EBA4-4A4C-4A59-8FA6-AF88E5CAB88F-768x576.jpg 768w, https:\/\/duotrentemoult.org\/wp-content\/uploads\/2025\/06\/3C66EBA4-4A4C-4A59-8FA6-AF88E5CAB88F-1536x1152.jpg 1536w, https:\/\/duotrentemoult.org\/wp-content\/uploads\/2025\/06\/3C66EBA4-4A4C-4A59-8FA6-AF88E5CAB88F-400x300.jpg 400w\" sizes=\"auto, (max-width: 2048px) 100vw, 2048px\" \/><\/a>\n\t\t\t<\/dt><\/dl><dl class='gallery-item'>\n\t\t\t<dt class='gallery-icon landscape'>\n\t\t\t\t<a href='https:\/\/duotrentemoult.org\/943d3474-3065-4dc0-8b12-378fcbecf4c3_4_5005_c\/'><img loading=\"lazy\" decoding=\"async\" width=\"480\" height=\"360\" src=\"https:\/\/duotrentemoult.org\/wp-content\/uploads\/2025\/06\/943D3474-3065-4DC0-8B12-378FCBECF4C3_4_5005_c.jpeg\" class=\"attachment-full size-full\" alt=\"\" srcset=\"https:\/\/duotrentemoult.org\/wp-content\/uploads\/2025\/06\/943D3474-3065-4DC0-8B12-378FCBECF4C3_4_5005_c.jpeg 480w, https:\/\/duotrentemoult.org\/wp-content\/uploads\/2025\/06\/943D3474-3065-4DC0-8B12-378FCBECF4C3_4_5005_c-300x225.jpeg 300w, https:\/\/duotrentemoult.org\/wp-content\/uploads\/2025\/06\/943D3474-3065-4DC0-8B12-378FCBECF4C3_4_5005_c-400x300.jpeg 400w\" sizes=\"auto, (max-width: 480px) 100vw, 480px\" \/><\/a>\n\t\t\t<\/dt><\/dl><dl class='gallery-item'>\n\t\t\t<dt class='gallery-icon landscape'>\n\t\t\t\t<a href='https:\/\/duotrentemoult.org\/c8bfe1a3-25d4-4174-8df6-19a834e30eb8\/'><img loading=\"lazy\" decoding=\"async\" width=\"2048\" height=\"1536\" src=\"https:\/\/duotrentemoult.org\/wp-content\/uploads\/2025\/06\/C8BFE1A3-25D4-4174-8DF6-19A834E30EB8.jpg\" class=\"attachment-full size-full\" alt=\"\" srcset=\"https:\/\/duotrentemoult.org\/wp-content\/uploads\/2025\/06\/C8BFE1A3-25D4-4174-8DF6-19A834E30EB8.jpg 2048w, https:\/\/duotrentemoult.org\/wp-content\/uploads\/2025\/06\/C8BFE1A3-25D4-4174-8DF6-19A834E30EB8-300x225.jpg 300w, https:\/\/duotrentemoult.org\/wp-content\/uploads\/2025\/06\/C8BFE1A3-25D4-4174-8DF6-19A834E30EB8-1024x768.jpg 1024w, https:\/\/duotrentemoult.org\/wp-content\/uploads\/2025\/06\/C8BFE1A3-25D4-4174-8DF6-19A834E30EB8-768x576.jpg 768w, https:\/\/duotrentemoult.org\/wp-content\/uploads\/2025\/06\/C8BFE1A3-25D4-4174-8DF6-19A834E30EB8-1536x1152.jpg 1536w, https:\/\/duotrentemoult.org\/wp-content\/uploads\/2025\/06\/C8BFE1A3-25D4-4174-8DF6-19A834E30EB8-400x300.jpg 400w\" sizes=\"auto, (max-width: 2048px) 100vw, 2048px\" \/><\/a>\n\t\t\t<\/dt><\/dl><br style=\"clear: both\" \/>\n\t\t<\/div>\n\n<p><img loading=\"lazy\" decoding=\"async\" class=\"aligncenter wp-image-1007 size-large\" src=\"http:\/\/duotrentemoult.org\/wp-content\/uploads\/2025\/05\/IMG_5835-768x1024.jpg\" alt=\"\" width=\"584\" height=\"779\" srcset=\"https:\/\/duotrentemoult.org\/wp-content\/uploads\/2025\/05\/IMG_5835-768x1024.jpg 768w, https:\/\/duotrentemoult.org\/wp-content\/uploads\/2025\/05\/IMG_5835-225x300.jpg 225w, https:\/\/duotrentemoult.org\/wp-content\/uploads\/2025\/05\/IMG_5835-1152x1536.jpg 1152w, https:\/\/duotrentemoult.org\/wp-content\/uploads\/2025\/05\/IMG_5835-1536x2048.jpg 1536w, https:\/\/duotrentemoult.org\/wp-content\/uploads\/2025\/05\/IMG_5835-scaled.jpg 1920w\" sizes=\"auto, (max-width: 584px) 100vw, 584px\" \/><\/p>\n\n\t\t<style type=\"text\/css\">\n\t\t\t#gallery-2 {\n\t\t\t\tmargin: auto;\n\t\t\t}\n\t\t\t#gallery-2 .gallery-item {\n\t\t\t\tfloat: left;\n\t\t\t\tmargin-top: 10px;\n\t\t\t\ttext-align: center;\n\t\t\t\twidth: 33%;\n\t\t\t}\n\t\t\t#gallery-2 img {\n\t\t\t\tborder: 2px solid #cfcfcf;\n\t\t\t}\n\t\t\t#gallery-2 .gallery-caption {\n\t\t\t\tmargin-left: 0;\n\t\t\t}\n\t\t\t\/* see gallery_shortcode() in wp-includes\/media.php *\/\n\t\t<\/style>\n\t\t<div id='gallery-2' class='gallery galleryid-943 gallery-columns-3 gallery-size-full'><dl class='gallery-item'>\n\t\t\t<dt class='gallery-icon landscape'>\n\t\t\t\t<a href='https:\/\/duotrentemoult.org\/index.php\/avec-ou-sans-ailes\/img_5833\/'><img loading=\"lazy\" decoding=\"async\" width=\"2560\" height=\"1920\" src=\"https:\/\/duotrentemoult.org\/wp-content\/uploads\/2025\/05\/IMG_5833-scaled.jpg\" class=\"attachment-full size-full\" alt=\"\" aria-describedby=\"gallery-2-1009\" srcset=\"https:\/\/duotrentemoult.org\/wp-content\/uploads\/2025\/05\/IMG_5833-scaled.jpg 2560w, https:\/\/duotrentemoult.org\/wp-content\/uploads\/2025\/05\/IMG_5833-300x225.jpg 300w, https:\/\/duotrentemoult.org\/wp-content\/uploads\/2025\/05\/IMG_5833-1024x768.jpg 1024w, https:\/\/duotrentemoult.org\/wp-content\/uploads\/2025\/05\/IMG_5833-768x576.jpg 768w, https:\/\/duotrentemoult.org\/wp-content\/uploads\/2025\/05\/IMG_5833-1536x1152.jpg 1536w, https:\/\/duotrentemoult.org\/wp-content\/uploads\/2025\/05\/IMG_5833-2048x1536.jpg 2048w, https:\/\/duotrentemoult.org\/wp-content\/uploads\/2025\/05\/IMG_5833-400x300.jpg 400w\" sizes=\"auto, (max-width: 2560px) 100vw, 2560px\" \/><\/a>\n\t\t\t<\/dt>\n\t\t\t\t<dd class='wp-caption-text gallery-caption' id='gallery-2-1009'>\n\t\t\t\tMari\u00e9, \u00e0 la plage\n\t\t\t\t<\/dd><\/dl><dl class='gallery-item'>\n\t\t\t<dt class='gallery-icon landscape'>\n\t\t\t\t<a href='https:\/\/duotrentemoult.org\/index.php\/avec-ou-sans-ailes\/img_5834\/'><img loading=\"lazy\" decoding=\"async\" width=\"2560\" height=\"1920\" src=\"https:\/\/duotrentemoult.org\/wp-content\/uploads\/2025\/05\/IMG_5834-scaled.jpg\" class=\"attachment-full size-full\" alt=\"\" srcset=\"https:\/\/duotrentemoult.org\/wp-content\/uploads\/2025\/05\/IMG_5834-scaled.jpg 2560w, https:\/\/duotrentemoult.org\/wp-content\/uploads\/2025\/05\/IMG_5834-300x225.jpg 300w, https:\/\/duotrentemoult.org\/wp-content\/uploads\/2025\/05\/IMG_5834-1024x768.jpg 1024w, https:\/\/duotrentemoult.org\/wp-content\/uploads\/2025\/05\/IMG_5834-768x576.jpg 768w, https:\/\/duotrentemoult.org\/wp-content\/uploads\/2025\/05\/IMG_5834-1536x1152.jpg 1536w, https:\/\/duotrentemoult.org\/wp-content\/uploads\/2025\/05\/IMG_5834-2048x1536.jpg 2048w, https:\/\/duotrentemoult.org\/wp-content\/uploads\/2025\/05\/IMG_5834-400x300.jpg 400w\" sizes=\"auto, (max-width: 2560px) 100vw, 2560px\" \/><\/a>\n\t\t\t<\/dt><\/dl><dl class='gallery-item'>\n\t\t\t<dt class='gallery-icon landscape'>\n\t\t\t\t<a href='https:\/\/duotrentemoult.org\/index.php\/avec-ou-sans-ailes\/img_5832\/'><img loading=\"lazy\" decoding=\"async\" width=\"2560\" height=\"1920\" src=\"https:\/\/duotrentemoult.org\/wp-content\/uploads\/2025\/05\/IMG_5832-scaled.jpg\" class=\"attachment-full size-full\" alt=\"\" aria-describedby=\"gallery-2-1008\" srcset=\"https:\/\/duotrentemoult.org\/wp-content\/uploads\/2025\/05\/IMG_5832-scaled.jpg 2560w, https:\/\/duotrentemoult.org\/wp-content\/uploads\/2025\/05\/IMG_5832-300x225.jpg 300w, https:\/\/duotrentemoult.org\/wp-content\/uploads\/2025\/05\/IMG_5832-1024x768.jpg 1024w, https:\/\/duotrentemoult.org\/wp-content\/uploads\/2025\/05\/IMG_5832-768x576.jpg 768w, https:\/\/duotrentemoult.org\/wp-content\/uploads\/2025\/05\/IMG_5832-1536x1152.jpg 1536w, https:\/\/duotrentemoult.org\/wp-content\/uploads\/2025\/05\/IMG_5832-2048x1536.jpg 2048w, https:\/\/duotrentemoult.org\/wp-content\/uploads\/2025\/05\/IMG_5832-400x300.jpg 400w\" sizes=\"auto, (max-width: 2560px) 100vw, 2560px\" \/><\/a>\n\t\t\t<\/dt>\n\t\t\t\t<dd class='wp-caption-text gallery-caption' id='gallery-2-1008'>\n\t\t\t\tMari\u00e9e, m\u00e9nag\u00e8re\n\t\t\t\t<\/dd><\/dl><br style=\"clear: both\" \/>\n\t\t<\/div>\n\n\n\t\t<style type=\"text\/css\">\n\t\t\t#gallery-3 {\n\t\t\t\tmargin: auto;\n\t\t\t}\n\t\t\t#gallery-3 .gallery-item {\n\t\t\t\tfloat: left;\n\t\t\t\tmargin-top: 10px;\n\t\t\t\ttext-align: center;\n\t\t\t\twidth: 33%;\n\t\t\t}\n\t\t\t#gallery-3 img {\n\t\t\t\tborder: 2px solid #cfcfcf;\n\t\t\t}\n\t\t\t#gallery-3 .gallery-caption {\n\t\t\t\tmargin-left: 0;\n\t\t\t}\n\t\t\t\/* see gallery_shortcode() in wp-includes\/media.php *\/\n\t\t<\/style>\n\t\t<div id='gallery-3' class='gallery galleryid-943 gallery-columns-3 gallery-size-large'><dl class='gallery-item'>\n\t\t\t<dt class='gallery-icon landscape'>\n\t\t\t\t<a href='https:\/\/duotrentemoult.org\/img_5943-copie\/'><img loading=\"lazy\" decoding=\"async\" width=\"584\" height=\"438\" src=\"https:\/\/duotrentemoult.org\/wp-content\/uploads\/2025\/06\/IMG_5943-copie-1024x768.jpg\" class=\"attachment-large size-large\" alt=\"\" aria-describedby=\"gallery-3-1070\" srcset=\"https:\/\/duotrentemoult.org\/wp-content\/uploads\/2025\/06\/IMG_5943-copie-1024x768.jpg 1024w, https:\/\/duotrentemoult.org\/wp-content\/uploads\/2025\/06\/IMG_5943-copie-300x225.jpg 300w, https:\/\/duotrentemoult.org\/wp-content\/uploads\/2025\/06\/IMG_5943-copie-768x576.jpg 768w, https:\/\/duotrentemoult.org\/wp-content\/uploads\/2025\/06\/IMG_5943-copie-1536x1152.jpg 1536w, https:\/\/duotrentemoult.org\/wp-content\/uploads\/2025\/06\/IMG_5943-copie-2048x1536.jpg 2048w, https:\/\/duotrentemoult.org\/wp-content\/uploads\/2025\/06\/IMG_5943-copie-400x300.jpg 400w\" sizes=\"auto, (max-width: 584px) 100vw, 584px\" \/><\/a>\n\t\t\t<\/dt>\n\t\t\t\t<dd class='wp-caption-text gallery-caption' id='gallery-3-1070'>\n\t\t\t\tPas mari\u00e9e&#8230; Mari\u00e9e\n\t\t\t\t<\/dd><\/dl><dl class='gallery-item'>\n\t\t\t<dt class='gallery-icon landscape'>\n\t\t\t\t<a href='https:\/\/duotrentemoult.org\/img_5944-copie\/'><img loading=\"lazy\" decoding=\"async\" width=\"584\" height=\"438\" src=\"https:\/\/duotrentemoult.org\/wp-content\/uploads\/2025\/06\/IMG_5944-copie-1024x768.jpg\" class=\"attachment-large size-large\" alt=\"\" aria-describedby=\"gallery-3-1071\" srcset=\"https:\/\/duotrentemoult.org\/wp-content\/uploads\/2025\/06\/IMG_5944-copie-1024x768.jpg 1024w, https:\/\/duotrentemoult.org\/wp-content\/uploads\/2025\/06\/IMG_5944-copie-300x225.jpg 300w, https:\/\/duotrentemoult.org\/wp-content\/uploads\/2025\/06\/IMG_5944-copie-768x576.jpg 768w, https:\/\/duotrentemoult.org\/wp-content\/uploads\/2025\/06\/IMG_5944-copie-1536x1152.jpg 1536w, https:\/\/duotrentemoult.org\/wp-content\/uploads\/2025\/06\/IMG_5944-copie-2048x1536.jpg 2048w, https:\/\/duotrentemoult.org\/wp-content\/uploads\/2025\/06\/IMG_5944-copie-400x300.jpg 400w\" sizes=\"auto, (max-width: 584px) 100vw, 584px\" \/><\/a>\n\t\t\t<\/dt>\n\t\t\t\t<dd class='wp-caption-text gallery-caption' id='gallery-3-1071'>\n\t\t\t\tPas mari\u00e9e&#8230; Mari\u00e9e\n\t\t\t\t<\/dd><\/dl><dl class='gallery-item'>\n\t\t\t<dt class='gallery-icon landscape'>\n\t\t\t\t<a href='https:\/\/duotrentemoult.org\/img_5945-copie\/'><img loading=\"lazy\" decoding=\"async\" width=\"584\" height=\"438\" src=\"https:\/\/duotrentemoult.org\/wp-content\/uploads\/2025\/06\/IMG_5945-copie-1024x768.jpg\" class=\"attachment-large size-large\" alt=\"\" aria-describedby=\"gallery-3-1072\" srcset=\"https:\/\/duotrentemoult.org\/wp-content\/uploads\/2025\/06\/IMG_5945-copie-1024x768.jpg 1024w, https:\/\/duotrentemoult.org\/wp-content\/uploads\/2025\/06\/IMG_5945-copie-300x225.jpg 300w, https:\/\/duotrentemoult.org\/wp-content\/uploads\/2025\/06\/IMG_5945-copie-768x576.jpg 768w, https:\/\/duotrentemoult.org\/wp-content\/uploads\/2025\/06\/IMG_5945-copie-1536x1152.jpg 1536w, https:\/\/duotrentemoult.org\/wp-content\/uploads\/2025\/06\/IMG_5945-copie-2048x1536.jpg 2048w, https:\/\/duotrentemoult.org\/wp-content\/uploads\/2025\/06\/IMG_5945-copie-400x300.jpg 400w\" sizes=\"auto, (max-width: 584px) 100vw, 584px\" \/><\/a>\n\t\t\t<\/dt>\n\t\t\t\t<dd class='wp-caption-text gallery-caption' id='gallery-3-1072'>\n\t\t\t\tPas mari\u00e9e&#8230; Mari\u00e9e\n\t\t\t\t<\/dd><\/dl><br style=\"clear: both\" \/>\n\t\t<\/div>\n\n\n\t\t<style type=\"text\/css\">\n\t\t\t#gallery-4 {\n\t\t\t\tmargin: auto;\n\t\t\t}\n\t\t\t#gallery-4 .gallery-item {\n\t\t\t\tfloat: left;\n\t\t\t\tmargin-top: 10px;\n\t\t\t\ttext-align: center;\n\t\t\t\twidth: 50%;\n\t\t\t}\n\t\t\t#gallery-4 img {\n\t\t\t\tborder: 2px solid #cfcfcf;\n\t\t\t}\n\t\t\t#gallery-4 .gallery-caption {\n\t\t\t\tmargin-left: 0;\n\t\t\t}\n\t\t\t\/* see gallery_shortcode() in wp-includes\/media.php *\/\n\t\t<\/style>\n\t\t<div id='gallery-4' class='gallery galleryid-943 gallery-columns-2 gallery-size-full'><dl class='gallery-item'>\n\t\t\t<dt class='gallery-icon landscape'>\n\t\t\t\t<a href='https:\/\/duotrentemoult.org\/index.php\/avec-ou-sans-ailes\/5ea083bc-d13a-4462-af20-2a08b2a8128f_4_5005_c\/'><img loading=\"lazy\" decoding=\"async\" width=\"480\" height=\"360\" src=\"https:\/\/duotrentemoult.org\/wp-content\/uploads\/2025\/05\/5EA083BC-D13A-4462-AF20-2A08B2A8128F_4_5005_c.jpeg\" class=\"attachment-full size-full\" alt=\"\" srcset=\"https:\/\/duotrentemoult.org\/wp-content\/uploads\/2025\/05\/5EA083BC-D13A-4462-AF20-2A08B2A8128F_4_5005_c.jpeg 480w, https:\/\/duotrentemoult.org\/wp-content\/uploads\/2025\/05\/5EA083BC-D13A-4462-AF20-2A08B2A8128F_4_5005_c-300x225.jpeg 300w, https:\/\/duotrentemoult.org\/wp-content\/uploads\/2025\/05\/5EA083BC-D13A-4462-AF20-2A08B2A8128F_4_5005_c-400x300.jpeg 400w\" sizes=\"auto, (max-width: 480px) 100vw, 480px\" \/><\/a>\n\t\t\t<\/dt><\/dl><dl class='gallery-item'>\n\t\t\t<dt class='gallery-icon landscape'>\n\t\t\t\t<a href='https:\/\/duotrentemoult.org\/index.php\/avec-ou-sans-ailes\/3610fa70-8d07-4328-88af-3ca6fbda6398_4_5005_c\/'><img loading=\"lazy\" decoding=\"async\" width=\"480\" height=\"360\" src=\"https:\/\/duotrentemoult.org\/wp-content\/uploads\/2025\/05\/3610FA70-8D07-4328-88AF-3CA6FBDA6398_4_5005_c.jpeg\" class=\"attachment-full size-full\" alt=\"\" srcset=\"https:\/\/duotrentemoult.org\/wp-content\/uploads\/2025\/05\/3610FA70-8D07-4328-88AF-3CA6FBDA6398_4_5005_c.jpeg 480w, https:\/\/duotrentemoult.org\/wp-content\/uploads\/2025\/05\/3610FA70-8D07-4328-88AF-3CA6FBDA6398_4_5005_c-300x225.jpeg 300w, https:\/\/duotrentemoult.org\/wp-content\/uploads\/2025\/05\/3610FA70-8D07-4328-88AF-3CA6FBDA6398_4_5005_c-400x300.jpeg 400w\" sizes=\"auto, (max-width: 480px) 100vw, 480px\" \/><\/a>\n\t\t\t<\/dt><\/dl><br style=\"clear: both\" \/>\n\t\t<\/div>\n\n<p data-wp-editing=\"1\"><img loading=\"lazy\" decoding=\"async\" class=\"aligncenter wp-image-940 size-full\" src=\"http:\/\/duotrentemoult.org\/wp-content\/uploads\/2025\/05\/DUO-AFFICHE-A3-AILES-scaled.jpg\" alt=\"\" width=\"1810\" height=\"2560\" srcset=\"https:\/\/duotrentemoult.org\/wp-content\/uploads\/2025\/05\/DUO-AFFICHE-A3-AILES-scaled.jpg 1810w, https:\/\/duotrentemoult.org\/wp-content\/uploads\/2025\/05\/DUO-AFFICHE-A3-AILES-212x300.jpg 212w, https:\/\/duotrentemoult.org\/wp-content\/uploads\/2025\/05\/DUO-AFFICHE-A3-AILES-724x1024.jpg 724w, https:\/\/duotrentemoult.org\/wp-content\/uploads\/2025\/05\/DUO-AFFICHE-A3-AILES-768x1086.jpg 768w, https:\/\/duotrentemoult.org\/wp-content\/uploads\/2025\/05\/DUO-AFFICHE-A3-AILES-1086x1536.jpg 1086w, https:\/\/duotrentemoult.org\/wp-content\/uploads\/2025\/05\/DUO-AFFICHE-A3-AILES-1448x2048.jpg 1448w\" sizes=\"auto, (max-width: 1810px) 100vw, 1810px\" \/><\/p>\n","protected":false},"excerpt":{"rendered":"","protected":false},"author":1,"featured_media":0,"parent":0,"menu_order":0,"comment_status":"closed","ping_status":"closed","template":"","meta":{"footnotes":""},"class_list":["post-943","page","type-page","status-publish","hentry"],"yoast_head":"<!-- This site is optimized with the Yoast SEO plugin v19.8 - https:\/\/yoast.com\/wordpress\/plugins\/seo\/ -->\n<title>AVEC OU SANS AILES - DUO Trentemoult<\/title>\n<meta name=\"robots\" content=\"index, follow, max-snippet:-1, max-image-preview:large, max-video-preview:-1\" \/>\n<link rel=\"canonical\" href=\"https:\/\/duotrentemoult.org\/index.php\/avec-ou-sans-ailes\/\" \/>\n<meta property=\"og:locale\" content=\"fr_FR\" \/>\n<meta property=\"og:type\" content=\"article\" \/>\n<meta property=\"og:title\" content=\"AVEC OU SANS AILES - DUO Trentemoult\" \/>\n<meta property=\"og:url\" content=\"https:\/\/duotrentemoult.org\/index.php\/avec-ou-sans-ailes\/\" \/>\n<meta property=\"og:site_name\" content=\"DUO Trentemoult\" \/>\n<meta property=\"article:publisher\" content=\"https:\/\/www.facebook.com\/DUO-trentemoult-112757837991644\/\" \/>\n<meta property=\"article:modified_time\" content=\"2025-06-22T17:10:38+00:00\" \/>\n<meta property=\"og:image\" content=\"https:\/\/duotrentemoult.org\/wp-content\/uploads\/2025\/06\/3C66EBA4-4A4C-4A59-8FA6-AF88E5CAB88F.jpg\" \/>\n<meta name=\"twitter:card\" content=\"summary_large_image\" \/>\n<meta name=\"twitter:label1\" content=\"Dur\u00e9e de lecture estim\u00e9e\" \/>\n\t<meta name=\"twitter:data1\" content=\"1 minute\" \/>\n<script type=\"application\/ld+json\" class=\"yoast-schema-graph\">{\"@context\":\"https:\/\/schema.org\",\"@graph\":[{\"@type\":\"WebPage\",\"@id\":\"https:\/\/duotrentemoult.org\/index.php\/avec-ou-sans-ailes\/\",\"url\":\"https:\/\/duotrentemoult.org\/index.php\/avec-ou-sans-ailes\/\",\"name\":\"AVEC OU SANS AILES - DUO Trentemoult\",\"isPartOf\":{\"@id\":\"https:\/\/duotrentemoult.org\/#website\"},\"datePublished\":\"2025-05-27T14:35:17+00:00\",\"dateModified\":\"2025-06-22T17:10:38+00:00\",\"breadcrumb\":{\"@id\":\"https:\/\/duotrentemoult.org\/index.php\/avec-ou-sans-ailes\/#breadcrumb\"},\"inLanguage\":\"fr-FR\",\"potentialAction\":[{\"@type\":\"ReadAction\",\"target\":[\"https:\/\/duotrentemoult.org\/index.php\/avec-ou-sans-ailes\/\"]}]},{\"@type\":\"BreadcrumbList\",\"@id\":\"https:\/\/duotrentemoult.org\/index.php\/avec-ou-sans-ailes\/#breadcrumb\",\"itemListElement\":[{\"@type\":\"ListItem\",\"position\":1,\"name\":\"Accueil\",\"item\":\"https:\/\/duotrentemoult.org\/\"},{\"@type\":\"ListItem\",\"position\":2,\"name\":\"AVEC OU SANS AILES\"}]},{\"@type\":\"WebSite\",\"@id\":\"https:\/\/duotrentemoult.org\/#website\",\"url\":\"https:\/\/duotrentemoult.org\/\",\"name\":\"DUO Trentemoult\",\"description\":\"Balade artistique \u00e0 Trentemoult\",\"publisher\":{\"@id\":\"https:\/\/duotrentemoult.org\/#organization\"},\"potentialAction\":[{\"@type\":\"SearchAction\",\"target\":{\"@type\":\"EntryPoint\",\"urlTemplate\":\"https:\/\/duotrentemoult.org\/?s={search_term_string}\"},\"query-input\":\"required name=search_term_string\"}],\"inLanguage\":\"fr-FR\"},{\"@type\":\"Organization\",\"@id\":\"https:\/\/duotrentemoult.org\/#organization\",\"name\":\"Duo\",\"url\":\"https:\/\/duotrentemoult.org\/\",\"sameAs\":[\"https:\/\/www.facebook.com\/DUO-trentemoult-112757837991644\/\"],\"logo\":{\"@type\":\"ImageObject\",\"inLanguage\":\"fr-FR\",\"@id\":\"https:\/\/duotrentemoult.org\/#\/schema\/logo\/image\/\",\"url\":\"http:\/\/duotrentemoult.org\/wp-content\/uploads\/2022\/06\/LOGO.jpg\",\"contentUrl\":\"http:\/\/duotrentemoult.org\/wp-content\/uploads\/2022\/06\/LOGO.jpg\",\"width\":284,\"height\":285,\"caption\":\"Duo\"},\"image\":{\"@id\":\"https:\/\/duotrentemoult.org\/#\/schema\/logo\/image\/\"}}]}<\/script>\n<!-- \/ Yoast SEO plugin. -->","yoast_head_json":{"title":"AVEC OU SANS AILES - DUO Trentemoult","robots":{"index":"index","follow":"follow","max-snippet":"max-snippet:-1","max-image-preview":"max-image-preview:large","max-video-preview":"max-video-preview:-1"},"canonical":"https:\/\/duotrentemoult.org\/index.php\/avec-ou-sans-ailes\/","og_locale":"fr_FR","og_type":"article","og_title":"AVEC OU SANS AILES - DUO Trentemoult","og_url":"https:\/\/duotrentemoult.org\/index.php\/avec-ou-sans-ailes\/","og_site_name":"DUO Trentemoult","article_publisher":"https:\/\/www.facebook.com\/DUO-trentemoult-112757837991644\/","article_modified_time":"2025-06-22T17:10:38+00:00","og_image":[{"url":"https:\/\/duotrentemoult.org\/wp-content\/uploads\/2025\/06\/3C66EBA4-4A4C-4A59-8FA6-AF88E5CAB88F.jpg"}],"twitter_card":"summary_large_image","twitter_misc":{"Dur\u00e9e de lecture estim\u00e9e":"1 minute"},"schema":{"@context":"https:\/\/schema.org","@graph":[{"@type":"WebPage","@id":"https:\/\/duotrentemoult.org\/index.php\/avec-ou-sans-ailes\/","url":"https:\/\/duotrentemoult.org\/index.php\/avec-ou-sans-ailes\/","name":"AVEC OU SANS AILES - DUO Trentemoult","isPartOf":{"@id":"https:\/\/duotrentemoult.org\/#website"},"datePublished":"2025-05-27T14:35:17+00:00","dateModified":"2025-06-22T17:10:38+00:00","breadcrumb":{"@id":"https:\/\/duotrentemoult.org\/index.php\/avec-ou-sans-ailes\/#breadcrumb"},"inLanguage":"fr-FR","potentialAction":[{"@type":"ReadAction","target":["https:\/\/duotrentemoult.org\/index.php\/avec-ou-sans-ailes\/"]}]},{"@type":"BreadcrumbList","@id":"https:\/\/duotrentemoult.org\/index.php\/avec-ou-sans-ailes\/#breadcrumb","itemListElement":[{"@type":"ListItem","position":1,"name":"Accueil","item":"https:\/\/duotrentemoult.org\/"},{"@type":"ListItem","position":2,"name":"AVEC OU SANS AILES"}]},{"@type":"WebSite","@id":"https:\/\/duotrentemoult.org\/#website","url":"https:\/\/duotrentemoult.org\/","name":"DUO Trentemoult","description":"Balade artistique \u00e0 Trentemoult","publisher":{"@id":"https:\/\/duotrentemoult.org\/#organization"},"potentialAction":[{"@type":"SearchAction","target":{"@type":"EntryPoint","urlTemplate":"https:\/\/duotrentemoult.org\/?s={search_term_string}"},"query-input":"required name=search_term_string"}],"inLanguage":"fr-FR"},{"@type":"Organization","@id":"https:\/\/duotrentemoult.org\/#organization","name":"Duo","url":"https:\/\/duotrentemoult.org\/","sameAs":["https:\/\/www.facebook.com\/DUO-trentemoult-112757837991644\/"],"logo":{"@type":"ImageObject","inLanguage":"fr-FR","@id":"https:\/\/duotrentemoult.org\/#\/schema\/logo\/image\/","url":"http:\/\/duotrentemoult.org\/wp-content\/uploads\/2022\/06\/LOGO.jpg","contentUrl":"http:\/\/duotrentemoult.org\/wp-content\/uploads\/2022\/06\/LOGO.jpg","width":284,"height":285,"caption":"Duo"},"image":{"@id":"https:\/\/duotrentemoult.org\/#\/schema\/logo\/image\/"}}]}},"_links":{"self":[{"href":"https:\/\/duotrentemoult.org\/index.php\/wp-json\/wp\/v2\/pages\/943","targetHints":{"allow":["GET"]}}],"collection":[{"href":"https:\/\/duotrentemoult.org\/index.php\/wp-json\/wp\/v2\/pages"}],"about":[{"href":"https:\/\/duotrentemoult.org\/index.php\/wp-json\/wp\/v2\/types\/page"}],"author":[{"embeddable":true,"href":"https:\/\/duotrentemoult.org\/index.php\/wp-json\/wp\/v2\/users\/1"}],"replies":[{"embeddable":true,"href":"https:\/\/duotrentemoult.org\/index.php\/wp-json\/wp\/v2\/comments?post=943"}],"version-history":[{"count":9,"href":"https:\/\/duotrentemoult.org\/index.php\/wp-json\/wp\/v2\/pages\/943\/revisions"}],"predecessor-version":[{"id":1075,"href":"https:\/\/duotrentemoult.org\/index.php\/wp-json\/wp\/v2\/pages\/943\/revisions\/1075"}],"wp:attachment":[{"href":"https:\/\/duotrentemoult.org\/index.php\/wp-json\/wp\/v2\/media?parent=943"}],"curies":[{"name":"wp","href":"https:\/\/api.w.org\/{rel}","templated":true}]}}